site?
True
Suppose -4*c + 472 + 1180 = 0. Is c composite?
True
Suppose 1190 + 1005 = 5*w. Is w composite?
False
Let h = -407 + 224. Let y = h - -268. Is y a prime number?
False
Let q(p) = 14*p + 1. Let y(n) = 27*n + 3. Let i(o) = -11*q(o) + 6*y(o). Suppose 4*c - 6 = 3*c. Is i(c) composite?
True
Let p = -2758 - -6285. Is p a composite number?
False
Suppose 4*a - 3*p = -a, 2*a + 21 = -3*p. Let s(y) = 4 + 3 - 4 - y**2 - y**3. Is s(a) a composite number?
True
Let f(b) = -b. Let a(o) = 552*o. Let l(q) = -a(q) - 920*f(q). Let k be l(-1). Let m = 5 - k. Is m a prime number?
True
Let h(j) = j**2 - 2*j + 9. Let b be h(10). Let r = b + -6. Is r composite?
False
Suppose 3*n = -3*o - 407 + 2432, -2*o = -3*n + 2020. Is n composite?
True
Let k(d) be the first derivative of -d**3/3 + d**2/2 + 54*d + 3. Let s be k(0). Suppose 2*v - 4*v = 2*t - s, 3*t + 105 = 3*v. Is v a composite number?
False
Let p = 24 - 9. Let s(v) = -4*v - 4. Let x be s(4). Is (p/(-10))/(2/x) composite?
True
Suppose 0*o = 5*z - 3*o - 1292, -z + 258 = -o. Is z composite?
True
Let w = 6 + -5. Let t be (-5 + 6/3)*w. Is 15/t*-18 - 1 prime?
True
Let a(n) = 3*n - 8. Let c be a(8). Suppose 5*r - 371 = -c. Is r a prime number?
True
Suppose -g - g = 0. Suppose -148 = -o - g*o. Suppose -3*m - m = -o. Is m composite?
False
Suppose 5*r - 4*n + 33 - 208 = 0, -4*r + 140 = -4*n. Is r a prime number?
False
Suppose -h = -5 - 0. Suppose 0*u - h*u + 715 = 0. Is u prime?
False
Let b(g) = 146*g**3 - 2*g + 1. Is b(1) a composite number?
True
Let v = -2 - -5. Suppose -v*u + 26 = -13. Is u a prime number?
True
Let n(o) = -6*o**2 - 2*o - 1. Let d(w) = -w**3 + 4*w**2 - 4*w + 2. Let j be d(3). Let y(p) = p**2. Let b(a) = j*n(a) - 3*y(a). Is b(3) prime?
False
Let o(j) = 17*j**2 - 3*j. Let y = 0 + 2. Is o(y) a prime number?
False
Suppose -597 = -6*t + t + 4*b, t - 123 = -b. Is t a composite number?
True
Let a be 296/(-3)*(2 + -5). Let p(l) = l**3 - l**2 + l + 5. Let o be p(0). Suppose 2*y - 599 + 196 = -o*c, 5*y = 4*c - a. Is c composite?
False
Suppose 2*y + v = -4*v + 996, -3*y = 5*v - 1489. Is y a prime number?
False
Let p(m) = -114*m**3 - 7*m**2 + 3*m - 5. Let d(h) = 57*h**3 + 3*h**2 - h + 2. Let k(u) = 7*d(u) + 3*p(u). Is k(1) a composite number?
True
Let k be (723/(-6))/(2/(-4)). Let u = k + -164. Is u a composite number?
True
Is ((-3109)/(-7))/((-20)/(-140)) prime?
True
Suppose -2*o + r - 134 = -863, 5*r = -2*o + 699. Suppose 67 = 3*t - o. Is t a composite number?
True
Let l = 106 + 15. Is l prime?
False
Let w = 1607 - 673. Is w a prime number?
False
Let k = 7 - 1. Suppose 20 = g - k*g. Is 3/(-3) - 20*g composite?
False
Let s be 1306/8 + 4/(-16). Suppose -3*u = 4*m - s, -m - 98 = -3*m + 4*u. Is m composite?
False
Is (4 - (-15)/(-9))*(631 + 2) composite?
True
Let i(x) = 11*x**2 - 13*x - 39. Let h(u) = 4*u**2 - 4*u - 13. Let t(a) = 17*h(a) - 6*i(a). Is t(-9) prime?
False
Let f(j) = 44*j + 3. Suppose 0*k - 5 = -k. Is f(k) a composite number?
False
Let p(z) = -3 + z**2 + z**3 - 3*z**2 + 5*z**2 - 5*z. Let x be p(-4). Let g = 10 - x. Is g a prime number?
False
Let i(x) = -x**3 - 17*x**2 - 37*x + 11. Is i(-16) composite?
False
Let a = 4170 - 2347. Is a composite?
False
Let f(h) = 4*h**2 + 7*h - 10. Is f(-9) prime?
True
Let q be (-650)/(-6) + (-3)/9. Let u = -57 + q. Is u composite?
True
Let z(d) = -9*d**2 + 3*d - 2. Let q(k) = 9*k**2 - 4*k + 2. Let v(a) = -4*q(a) - 5*z(a). Let j(o) be the first derivative of v(o). Is j(2) a composite number?
False
Let i(w) = 7*w**2 + 3*w - 11. Is i(-18) composite?
False
Suppose 3*x = 2*z + 2981, x + 2*z = z + 987. Is x prime?
True
Let v(z) = -6*z**2 + 3*z + 3. Let i(m) = 24*m**2 - 13*m - 12. Let k(f) = -2*i(f) - 9*v(f). Is k(4) a composite number?
False
Let c = -7 - 1. Is 2/c - (-154)/8 a composite number?
False
Let w(a) = a**2 + 2*a**2 + 2*a - 1 + 3*a**2. Is w(-2) composite?
False
Suppose -19*f + 23*f = 3580. Is f composite?
True
Let l be 2/(3/(-123) + 0). Let p be (2 - 1)*(l - 1). Let i = p + 160. Is i prime?
False
Let w be ((-4)/(-6))/((-4)/(-6)). Let a be 5 - w/(3/6). Suppose -a*r = 2*g - 61, 3*r + 11 - 2 = 0. Is g a composite number?
True
Let v = 235 - 49. Let r = v - 129. Is r prime?
False
Is (6 - 5) + (-11180)/(-2) a composite number?
False
Let p = 81 - 19. Suppose -a + 53 + p = 0. Is a prime?
False
Let l(r) = 12*r**3 - 6*r**2 - 6*r + 13. Is l(3) a composite number?
True
Is -2 + ((-68)/(-4) - 2) prime?
True
Suppose -5*v + 3*v + 2*r = -24, -8 = 2*r. Suppose -v*k + 308 = -4*k. Is k a prime number?
False
Let n = -12 + 16. Suppose 189 = -n*d + 1001. Is d a prime number?
False
Let a = 15 + -11. Suppose 0 + 4 = 2*d - 3*i, 2*i - 8 = -a*d. Suppose -d*n + 4*n = 154. Is n prime?
False
Let d(w) = -w**3 + w. Let b be d(-1). Suppose 0*h = 2*h - 8. Suppose h*u = -b*u + 140. Is u a composite number?
True
Suppose -5*f + 10 = -4*f - 3*c, -4*f + 3*c + 13 = 0. Is 2/f - 2 - -79 prime?
True
Let c(y) = -y**2 + y + 3. Let d be c(2). Is (-1)/d*(-36 + -17) a prime number?
True
Let k be (1/1*0)/1. Suppose 5 = -k*d + 5*d. Let z(t) = 77*t. Is z(d) composite?
True
Let q = 2 + -4. Is 1*53 + q + 2 prime?
True
Let i(u) = 0*u**2 + 0*u**2 + 2*u**2 + u**2 + 3. Is i(-6) a prime number?
False
Is (3612/(-9) - -3)*-3 a composite number?
True
Suppose 9*l - 26 = 64. Is l composite?
True
Let t(a) = a**2 - 1. Let m be t(-2). Suppose -2*n = -5*v + 1175, 5*v + n - 1200 = -2*n. Suppose 20 = -4*g, m*y - 5*g - v = -y. Is y prime?
True
Suppose -4 = 3*s - 19. Suppose -s*m - 72 = -332. Suppose 4*x = 5*j + 556, j - m + 747 = 5*x. Is x prime?
True
Let r(w) = 2*w**2 + 8*w + 5. Let i = 58 - 38. Let k be (i/6)/(4/(-6)). Is r(k) prime?
False
Suppose -4*q - 434 + 1950 = 0. Is q composite?
False
Suppose 3*k - 656 = -k. Let b be (-1 + 35)/(2/(-6)). Let i = k + b. Is i prime?
False
Let l = 4 + -3. Suppose l = 4*f - 7. Is 18 - -2 - (-3 + f) a composite number?
True
Let q = 7 - 5. Suppose -q*u - u = -12. Is 33 + -1*u + 2 composite?
False
Suppose -142*k = -138*k - 4844. Is k composite?
True
Suppose 0 = 2*t + 5*h - 466, 4*t + 0*h - 2*h = 884. Is t prime?
True
Let r = -6 + 8. Suppose 0 = -5*x - 2*c - 22 + 1, -9 = 5*x - r*c. Is (10/x)/(6/(-279)) composite?
True
Let h = 15 + -3. Suppose 37 - h = 5*v. Is (-156)/(-5) + (-1)/v a prime number?
True
Suppose -4*c - 5*j = -213 - 88, 300 = 4*c + 4*j. Is c prime?
False
Suppose -2*g = g - 12. Suppose -9*h + g*h + 445 = 0. Is h a prime number?
True
Let a = 1 - 5. Is 2216/88 + a/22 a composite number?
True
Let w = -3 + 6. Let z(t) = 5*t + 4. Let x be z(4). Suppose w*d + d - x = 0. Is d a prime number?
False
Suppose 3*g = -2*g, -2*o = 3*g - 4. Suppose o*q = 6, r - 156 = -5*q - 62. Is r composite?
False
Is -4*(-591 + 1) + 1 composite?
True
Let a(p) = -3*p**3 + 6*p**2 + 4*p + 4. Let b be a(7). Let x = -484 - b. Is x prime?
False
Suppose -4*k = -k - 6. Let p be (3 - -3)/(0 + k). Is 67*(6/2)/p a composite number?
False
Let r(f) = 28*f + 9. Is r(5) prime?
True
Let k(u) = -u**2 + 8*u + 2. Let p be k(9). Let q(t) = -t**2 - 10*t. Is q(p) a prime number?
False
Let u(g) = -g**3 - 16*g**2 - 21*g - 20. Let n be u(-15). Suppose -5 = -4*d - b, d = -d + 3*b + 13. Suppose 0*f = d*f - n. Is f composite?
True
Let p(y) = 2*y - 5. Let l be p(5). Suppose -l*d + 2*d + 123 = 3*f, -3*d = 15. Is f a prime number?
False
Suppose -6019 = 5*z - s, 2*z + 5*s = -3625 + 1239. Let o = -646 - z. Is o a composite number?
False
Suppose 2 = 4*l - 6*l. Is 52 + -5 - (-1 - l) prime?
True
Let a be -62 - (2/(-2) - 1). Suppose -2*p + 5*c = -102 - 48, -p + 4*c + 69 = 0. Let w = a + p. Is w a composite number?
True
Let n = 14 + -11. Suppose n*m = 2*z + 331, -2*z = -5*m - 6*z + 537. Is m a composite number?
False
Suppose 0 = 3*w - 3*z - 0*z - 444, 0 = -3*w + 2*z + 441. Is w a prime number?
False
Suppose -r + 483 = 14. Is r a prime number?
False
Suppose -3*y + 33 = 2*l - 8*y, -3*l + 69 = -y. Let z = l - 12. Is (80/z)/(4/6) composite?
True
Let c be (4/6)/(4/66). Suppose -c = -4*o + p + 2, 19 = 5*o - 4*p. Is o a composite number?
False
Suppose -5*v + 0*h + 3*h + 130 = 0, 3*v + 4*h = 78. Is v composite?
True
Let z = -3 + 2. Let n be 1/(z/(-13 - -2)). Suppose -u + 144 = n. Is u prime?
False
Let x(c) = 3*c + 12. Let z be x(-6). Is (-5)/(-30) - 1829/z a prime number?
False
Let l(a) = -16*a**3 - 3*a - 1. Is l(-2) composite?
True
Suppose -t + 18 = -0*t - 2